{"id":19494,"date":"2026-02-04T12:01:26","date_gmt":"2026-02-04T12:01:26","guid":{"rendered":"https:\/\/lastrofan.com\/?page_id=19494"},"modified":"2026-02-04T16:46:09","modified_gmt":"2026-02-04T16:46:09","slug":"contact-3","status":"publish","type":"page","link":"https:\/\/lastrofan.com\/index.php\/contact-3\/","title":{"rendered":"Contact"},"content":{"rendered":"\t\t<div data-elementor-type=\"wp-page\" data-elementor-id=\"19494\" class=\"elementor elementor-19494\">\n\t\t\t\t<div class=\"elementor-element elementor-element-0547707 e-flex e-con-boxed e-con e-parent\" data-id=\"0547707\" data-element_type=\"container\" data-e-type=\"container\">\n\t\t\t\t\t<div class=\"e-con-inner\">\n\t\t\t\t<div class=\"elementor-element elementor-element-efdd865 elementor-widget elementor-widget-html\" data-id=\"efdd865\" data-element_type=\"widget\" data-e-type=\"widget\" data-widget_type=\"html.default\">\n\t\t\t\t\t<section class=\"lf-contact\">\r\n  <div class=\"lf-contact-inner\">\r\n\r\n    <h1>Contact<\/h1>\r\n\r\n    <p class=\"lf-intro\">\r\n      For institutional, partnership, or professional inquiries related to royalty-based assets only.\r\n    <\/p>\r\n\r\n    <h2>Company Details<\/h2>\r\n    <p>\r\n      <strong>Lastrofan O\u00dc<\/strong><br>\r\n      Registered office:<br>\r\n      L\u00f5\u00f5tsa tn 5\u201311<br>\r\n      11415 Tallinn<br>\r\n      Estonia\r\n    <\/p>\r\n\r\n    <h2>Contact Information<\/h2>\r\n    <p>\r\n      Email: <a href=\"mailto:info@lastrofan.com\">info@lastrofan.com<\/a>\r\n    <\/p>\r\n\r\n    <h2>Communication Policy<\/h2>\r\n    <p>\r\n      Lastrofan does not provide advisory services, brokerage activities, or retail financial products.\r\n      Communications unrelated to institutional or strategic matters may not receive a response.\r\n    <\/p>\r\n\r\n    <p class=\"lf-claim\">\r\n      Structured communication reflects structured ownership.\r\n    <\/p>\r\n\r\n  <\/div>\r\n<\/section>\r\n\t\t\t\t<\/div>\n\t\t\t\t\t<\/div>\n\t\t\t\t<\/div>\n\t\t\t\t<\/div>\n\t\t","protected":false},"excerpt":{"rendered":"<p>Contact For institutional, partnership, or professional inquiries related to royalty-based assets only. Company Details Lastrofan O\u00dc Registered office: L\u00f5\u00f5tsa tn 5\u201311 11415 Tallinn Estonia Contact Information Email: info@lastrofan.com Communication Policy Lastrofan does not provide advisory services, brokerage activities, or retail financial products. Communications unrelated to institutional or strategic matters may not receive a response. Structured [&hellip;]<\/p>\n","protected":false},"author":1,"featured_media":0,"parent":0,"menu_order":0,"comment_status":"closed","ping_status":"closed","template":"","meta":{"footnotes":""},"class_list":["post-19494","page","type-page","status-publish","hentry"],"_links":{"self":[{"href":"https:\/\/lastrofan.com\/index.php\/wp-json\/wp\/v2\/pages\/19494","targetHints":{"allow":["GET"]}}],"collection":[{"href":"https:\/\/lastrofan.com\/index.php\/wp-json\/wp\/v2\/pages"}],"about":[{"href":"https:\/\/lastrofan.com\/index.php\/wp-json\/wp\/v2\/types\/page"}],"author":[{"embeddable":true,"href":"https:\/\/lastrofan.com\/index.php\/wp-json\/wp\/v2\/users\/1"}],"replies":[{"embeddable":true,"href":"https:\/\/lastrofan.com\/index.php\/wp-json\/wp\/v2\/comments?post=19494"}],"version-history":[{"count":4,"href":"https:\/\/lastrofan.com\/index.php\/wp-json\/wp\/v2\/pages\/19494\/revisions"}],"predecessor-version":[{"id":19516,"href":"https:\/\/lastrofan.com\/index.php\/wp-json\/wp\/v2\/pages\/19494\/revisions\/19516"}],"wp:attachment":[{"href":"https:\/\/lastrofan.com\/index.php\/wp-json\/wp\/v2\/media?parent=19494"}],"curies":[{"name":"wp","href":"https:\/\/api.w.org\/{rel}","templated":true}]}}